s -9 - ((1 - ((3 - 6) + -5)) + -23)?
5
Calculate 12 + (-11 + -13 - -13).
1
What is the value of 11 + (15 - (38 + -28))?
16
Calculate (16 - (-1 + 8)) + (-101 - -84).
-8
-70 + 68 + (38 + -7 - 4)
25
(6 - 14) + (-4 - (-4 + -1)) + 5
-2
What is 28 + (-5 - (9 - -9))?
5
What is -45 + (45 - 8) + (-7 - 0 - -2)?
-13
What is the value of -7 + 13 - (-29 + 38)?
-3
Evaluate 0 + -12 + 8 - 1.
-5
Calculate -372 - -378 - (-1 + 19).
-12
Evaluate 4 + (7 - (7 + -3 + (-2 - -6))).
3
Calculate 4 + (-14 - -6 - ((3 - 1) + -11)).
5
Calculate 6 + -1 + -9 - (-24 + 0).
20
What is -37 - (-12 - (-42 + 43))?
-24
What is -17 + -6 - -36 - 13?
0
Calculate (-2 - -3) + -4 + -2 - (-157 + 155).
-3
What is the value of (135 - 116) + (-1 - -9) + 0 + -9?
18
Evaluate -12 + 4 + 3 - -2.
-3
What is the value of 6 + -4 + -5 + 6 + (6 - -1)?
10
Evaluate 25 + 1 - (41 - (77 + -39)).
23
Calculate 21 - (-18 + -11 + 36).
14
Calculate 23 + (-48 - -21) + (11 - 2) + 1.
6
Calculate -2 + (20 - -11) - 32.
-3
Calculate -25 - -19 - (-10 + 3 + 0) - 1.
0
What is (-9 - -3) + (-5 - -6) + (-1 - -1)?
-5
Calculate 12 + 17 + -4 + -23 + -8.
-6
What is -1 + -25 + 1315 + -1315?
-26
7 - 70 - -52 - (-2 + (1 - 44))
34
16 - (37 + -4 + 2)
-19
What is 7 + -15 + 11 + -10?
-7
Calculate -16 - ((-32 - 9) + 11).
14
What is -10 + -19 + 38 - -7?
16
Evaluate -10 + (5 - (-15 - (0 - 8))).
2
Evaluate -4 - (5 - (1 - -3 - 1 - -6)).
0
Evaluate (16 - (-4 - -11 - 8)) + -8.
9
Calculate -4 + 20 + -230 + 211.
-3
What is the value of (21 - (5 + 6)) + 8?
18
Calculate (-12 + -7 - -25) + 3 + (3 - 1).
11
Calculate -8 + (3 - -7 - 2) + -7 + -7.
-14
What is 1 - 4 - -19 - (-26 - -41)?
1
7 + (-6 - -1) + (10 - -7 - 5)
14
What is -13 - -2 - (0 + 12 - (20 - 13))?
-16
Calculate -22 + -206 + 206 + -1 + 14.
-9
Evaluate (14 + -6 - (-10 - -23)) + (-2 - -5).
-2
Calculate (0 + 25 - 12) + 3.
16
What is -3 + 0 - (83 - 75)?
-11
Calculate -3 + -2 + (-26 + 16 - (4 + -9)).
-10
What is 2 + -2 + -20 + 14 + 4 + 3?
1
(1 - (2 + 3)) + -9 + 27 + -4
10
Calculate 6 - (-4 + 11) - (-1 - 1 - -10).
-9
What is (1 - -6) + -2 + 12 + -16 + -3?
-2
Calculate -14 + (-25 + 16 - -4).
-19
What is -14 + (35 - 9) + -8?
4
Calculate -6 + 15 + -5 + -6 + 10 + 19.
27
What is -43 + 38 - (0 + (-20 - 2))?
17
What is the value of -7 + (-25 - (18 + -73))?
23
Calculate (60 + -19 - 25) + (-4 - (1 - 0)).
11
Evaluate -18 + -25 + 11 + 23.
-9
(4 - 6) + 11 + -22 + 22
9
What is the value of (-1 - 34) + -48 + 74 + -17?
-26
17 + -19 + 16 + -14
0
Calculate 3 - ((-2 - -2 - 12) + 17).
-2
13 + -10 + -3 - -4
4
What is 28 - (-40 + 9 + 86)?
-27
What is the value of (-19 - (-9 - 9)) + (2 - -9)?
10
What is the value of -14 + 2 + 0 - (-3034 - -3060)?
-38
What is the value of -2 - -2 - 9 - (-109 - -114)?
-14
What is -18 - (-12 + 19 - 35)?
10
What is (29 - 13 - 16) + 3 + (-2 - -2)?
3
Evaluate (-19 - (23 + -45)) + (9 - 1).
11
Calculate 11 - ((13 - (0 - -21)) + 13).
6
Evaluate 16 + -16 - 14 - (2 - -4).
-20
Evaluate 4 - (6 + -1 + -2) - -11.
12
(9 - (-9 - -2)) + -14
2
What is 85 + -69 - (27 + 1)?
-12
Evaluate 21 - 1 - -20 - 2.
38
19 - 5 - (-4 - (-1 + 12 + -11))
18
9 + (-1 - 15 - (-288 + 279))
2
What is the value of 8 + (2 - 0 - (46 + -48))?
12
Calculate -17 + (-37 - (-74 - -33)).
-13
What is 0 - (-33 + 37 + (-8 - (1 + 1)))?
6
What is the value of -4 + -9 + 18 + -8 + -3 + 0?
-6
What is the value of (-3 - 2 - -12) + -12 + -1 + -3?
-9
What is the value of -9 + -21 + 12 - -24?
6
Calculate 27 - 0 - 9 - 9.
9
What is -9 + (2 - (-6 + 1 + (14 - 8)))?
-8
Evaluate 47 - 31 - (3 - 4 - 1 - -7).
11
What is the value of 14 - (13 + (-39 - (-12 + -2)))?
26
What is -288 + 279 + (1 - 1) + -2 + 5?
-6
8 + (4 - 18 - -17)
11
What is the value of (-4 - -5) + -7 + (4 - (-9 + 4))?
3
6 - (-4 - (-16 - 11)) - (-5 - 0)
-12
10 + 2 + (0 - 2) + -10 + 4
4
What is the value of (-68 - -59) + (-2 - (0 - 1)) + -1?
-11
Evaluate (-3 - 15) + (2 - (-7 + -3)).
-6
Calculate 38 - (0 - 3) - (23 - (-30 + 43)).
31
What is -1 + 0 + 5 + 27 + -20?
11
Calculate -20 + 16 - (0 + -15) - (242 - 203).
-28
Calculate 7 - (0 + 9 + -2) - -2.
2
What is the value of 5 - (11 + -7) - (8 + -2)?
-5
What is the value of (-15 - 3) + (-294 - -321)?
9
Calculate 10 + -11 + (4 - (3 + -1)) + 9.
10
11 - -5 - (56 + -50)
10
What is 5 - (2 - (8 + -9) - 0)?
2
-10 - ((2 - 8) + -1 + 6) - 19
-28
What is the value of (-2 - -10 - (67 - 65)) + 2?
8
Evaluate (23 - 4) + -6 + 7 + -2.
18
What is the value of 17 - (-3 - ((0 - 5) + -8))?
7
(-1 - 26 - (-7 - -7)) + -563 + 558
-32
Calculate (23 - 15) + -3 - 19.
-14
Calculate 21 + (-20 + -13 - -23) + 9 + -1.
19
Calculate (1 - 4) + 4 + (-1 - -6) + -17.
-11
Calculate -6 + -6 + 0 + (91 - 80).
-1
Calculate 82 + -72 + (0 - (-1 + 19)).
-8
What is the value of -23 + -14 + 28 + -2?
-11
What is 14 + (0 - 46) - -12?
-20
What is the value of (-33 + 14 - -8) + 25 + 12?
26
Calculate -30 + (1 - 9 - -41).
3
Evaluate -30 + -19 + 37 + 9.
-3
What is the value of 13 + -12 + 12 + -8?
5
Evaluate (-14 - (0 - 0)) + -4.
-18
Evaluate (-10 - ((-4 - 15) + 1)) + 2.
10
What is (-32 - (4 - 17)) + 19?
0
Evaluate 1 + -35 + 14 + (7 - -4).
-9
Calculate 11 + -16 + 5 + (-5 + 2 - -5).
2
Evaluate -3 + -3 + 7 + 2 - (140 - 133).
-4
(7 - 14 - (2 - 2) - -5) + 16
14
What is the value of -6 + 7 + -7 + 6 + -8?
-8
Calculate 6 + (5 - 3) + 1 + 14 + -15.
8
Evaluate (2 - (-3 - 1)) + 15 + -12 - 22.
-13
What is -24 + 26 + (-3 - -1)?
0
Calculate (2 - -2) + (6 - 5) + (9 - 13).
1
Calculate (15 - (-1 + -5) - 4) + -8.
9
Calculate (3 - 1) + -1 - 3 - (-7 - 19).
24
Evaluate -6 + -3 + 17 + (-41 - -23).
-10
Evaluate 3 + (-3 - 5 - 14).
-19
Evaluate 72 - 75 - (1 + 11) - (0 - 11).
-4
Evaluate 17 + 1 - (65 - 55).
8
(22 - 39) + (16 - 6)
-7
7 - ((-8 - (4 + -4)) + (-6 - -5))
16
Evaluate -15 - (-5 + -5 + -15).
10
1 - 5 - (4 + (-6 - -12))
-14
19 + -23 + 8 + -5 + 7
6
21 + -54 - -41 - (-1 + (7 - -1))
1
Evaluate 16 + -4 - ((-1 - -1) + 13).
-1
What is -90 + 203 - 91 - (-8 - 0)?
30
Calculate 7 - ((4 - (-12 + 8)) + 1).
-2
20 + 15 + -2 + -49
-16
Calculate -35 - ((18 - 36) + 1).
-18
(29 - -33 - 25) + -42
-5
Evaluate -7 + 14 + -10 + -2 + -4.
-9
6 + (-7 - 20) - (33 - 46)
-8
8 - (4 + -6 + 16 + -7)
1
What is -44 + (36 - (-10 - -29))?
-27
What is the value of (5 - 0) + (17 - 16) + -15 + 24?
15
Evaluate -6 + (-30 - -30 - -18).
12
Calculate -7 - -4 - (20 + -26).
3
Calculate -2 + 18 - (-23 + (30 - 5)).
14
Evaluate -7 - (-5 + 5 + (-7 - -10)).
-10
What is the value of -11 - 0 - (-36 + -40 + 74)?
-9
Evaluate -6 + (-2 - (8 + -7 - -3 - 1)).
-11
Evaluate 3 + (6 - ((-5 - 1) + 29)).
-14
What is 78 + -47 + 17 - 17?
31
What is the value of 12 - -23 - 27 - (-1 - -4 - 9)?
14
Calculate -2 - (-4 - 1 - ((-5 - -3) + -4)).
-3
Evaluate -5 + (-2 - 11) + 21.
3
What is the value of -5 + 1 + (253 - 263)?
-14
What is 14 - 24 - (-32 + (-7 - (-3 + -8)))?
18
What is 194 + -204 + (0 + 29 - 0)?
19
Calculate -24 - -9 - (-12 + (10 - 12)).
-1
What is 11 + -10 - (-5 + 8 - 9)?
7
Calculate (11 - (11 + -11 + 5 + 1)) + -33.
-28
Evaluate (-3 - -3) + (12 + 1 - (6 - 1)).
8
Calculate (6 - 0) + (-14 - (-24 - -22)).
-6
(-145 - -174 - (1 - -6) - 11) + -17
-6
-24 + 14 + -6 + 9 + -2
-9
What is the value of 11 + (16 - -9 - 50)?
-14
Calculate -13 - 2 - -12 - -15.
12
(-11 - (-18 - -13)) + 4
-2
Evaluate 28 - 2 - (272 - 245).
-1
Evaluate 5 + -16 + -16 + 24.
-3
Calculate -5 + -6 - (17 + -38).
10
What is the value of (-3 + 7 + -10 - -1 - -3) + 2?
0
-16 + (31 - (-23 + 28))
10
Evaluate -5 + 6 - (10 + -7 + -8 - 15).
21
What is the value of -19 + (20 - (-30 + 27))?
4
What is the value of 8 + 0 - (-32 - -30) - (-2 + -6)?
18
What is the value of -13 - (8 + -14 + -27)?
20
Evaluate (-15 - -6) + (16 - 2).
5
What is the value of 3 + -3 - (4 + (-11 - 1))?
8
What is the value of (-4 - (11 + -21)) + (-2 + -22 - -7)?
-11
(-14 - (-8 + -11)) + -1
4
Evaluate -7 - (16 - 10) - (-3 + -1 + 3).
-12
8 + (8 - -25) + -15
26
-60 - (-65 - (27 + -56))
-24
What is 1 + 27 + -30 + (1 - -8)?
7
21 - (7 + (14 - -3))
-3
Evaluate (-7 - (7 + -8 + -7 + -1)) + 0.
2
-20 + -22 + 19 + 9
-14
What is the value of -43 + 37 + (-28 - -23)?
-11
(23 - 15) + (0 - 3)
5
5 - (2 + 22) - -12 - 7
-14
Evaluate 15 - 48 - (-3 + -15).
-15
Evaluate 9 + 1 + (-347 - -335).
-2
-7 - (-16 - (-3 - 4))
2
What is the value of -5 + 11 + -6 + (4 - -12)?
16
Calculate 37 - (-38 - (-26 + -21)).
28
What is the value of 0 - -7 - (-491 + 503)?
-5
Evaluate 59 + -26 + -24 + (4 - 